 265*o - 2089. Give j(-140).
11
Let t(q) = 405*q - 4675. Give t(12).
185
Let i(b) = b**3 + 4*b**2 - 72*b + 20. Give i(9).
425
Let v(g) = g**3 - 47*g**2 - 53*g + 216. What is v(48)?
-24
Let w(s) = -2*s**3 - 14*s**2 - 31*s - 39. Determine w(-6).
75
Let w(m) = -19*m**2 + 225*m + 35. What is w(12)?
-1
Let u(a) = 245*a - 969. Give u(4).
11
Let k(u) = -2*u**3 - 24*u**2 - 5*u + 20. What is k(-12)?
80
Let k(j) = 752*j + 56404. Give k(-75).
4
Let b(y) = y**2 + y - 4. Give b(-11).
106
Let i(n) = -161*n - 26. Give i(-1).
135
Let c(p) = 209*p + 5014. Calculate c(-24).
-2
Let y(n) = -163*n - 1226. What is y(-12)?
730
Let k(z) = -8*z**3 + 1576*z**2 + 4*z - 791. What is k(197)?
-3
Let v(x) = 12*x**2 - 13*x - 13. Calculate v(2).
9
Let v(y) = -25007*y - 50020. Give v(-2).
-6
Let i(f) = 107*f + 4868. Determine i(-46).
-54
Let j(p) = -62*p - 3348. Determine j(-54).
0
Let y(s) = -s**2 + 115*s + 31849. Give y(245).
-1
Let y(p) = 3*p**2 + 378*p + 4992. What is y(-15)?
-3
Let d(k) = -2*k**2 + 59*k - 25. Determine d(27).
110
Let n(g) = 7*g**3 + 107*g**2 - 385*g - 8. Determine n(3).
-11
Let x(y) = y**2 + 24*y + 181. What is x(-21)?
118
Let j(s) = 26*s**3 + 755*s**2 + 26*s - 84. Determine j(-29).
3
Let h(u) = 4*u**2 - 57*u + 64. Determine h(10).
-106
Let t(w) = -w**3 - 16*w**2 + 6*w + 104. Determine t(-16).
8
Let k(p) = 11*p**2 + 16*p - 3. Calculate k(-1).
-8
Let a(m) = -35*m**2 + 1400*m + 24. Calculate a(40).
24
Let u(m) = -7*m**2 - 27*m + 158. Give u(5).
-152
Let j(q) = -q**2 - 107*q - 1177. Determine j(-12).
-37
Let m(f) = 705*f + 1433. What is m(-2)?
23
Let q(n) = n**3 + 5*n**2 - 6*n + 20. Give q(-9).
-250
Let r(k) = -142*k**2 + 2*k - 2. Calculate r(-1).
-146
Let i(x) = 707*x - 11309. What is i(16)?
3
Let q(p) = -48*p + 572. What is q(14)?
-100
Let w(v) = -80*v - 2162. Calculate w(-28).
78
Let w(p) = -p**2 - 33*p - 222. Calculate w(-11).
20
Let m(o) = 176*o + 12684. Give m(-72).
12
Let k(q) = -6*q**2 - 378*q + 1196. What is k(3)?
8
Let c(g) = 6*g**2 - 400*g - 546. Determine c(68).
-2
Let t(k) = -4*k + 264. Determine t(31).
140
Let c(z) = z**2 - 13*z - 14. What is c(10)?
-44
Let r(q) = -33*q**2 + 80*q + 25. Determine r(4).
-183
Let o(j) = 258*j + 14399. Give o(-56).
-49
Let s(h) = h**3 - 46*h**2 + 7*h - 153. Calculate s(46).
169
Let p(o) = -2*o**3 - 48*o**2 - 6*o - 152. What is p(-24)?
-8
Let v(t) = t**2 - 85*t - 1688. Determine v(-16).
-72
Let y(f) = 40*f - 354. Calculate y(9).
6
Let u(o) = o**3 - 11*o**2 + 18*o + 11. Determine u(5).
-49
Let i(n) = -n**2 - 40*n - 101. Determine i(-3).
10
Let u(h) = h**3 - 15*h**2 + 37*h + 24. Calculate u(12).
36
Let q(m) = -255*m + 276. Determine q(1).
21
Let w(h) = -h**3 + 10*h**2 + 28*h - 75. Calculate w(12).
-27
Let f(d) = d**2 - 287*d - 2939. What is f(-10)?
31
Let n(p) = -p**2 - 6*p - 51. Determine n(-12).
-123
Let d(k) = 2*k**2 + 1837*k + 19971. Give d(-11).
6
Let g(h) = 275*h - 1083. Give g(4).
17
Let s(g) = 1908*g - 5723. Calculate s(3).
1
Let m(x) = 642*x + 1297. Determine m(-2).
13
Let h(i) = -4*i - 113. Give h(-18).
-41
Let z(n) = -n**2 - 14*n + 325. Give z(10).
85
Let m(q) = -2*q**3 + 15*q**2 - 18*q + 201. Determine m(8).
-7
Let s(u) = -4*u**3 + 35*u**2 + 34*u - 241. Give s(9).
-16
Let o(r) = -4*r**3 + 74*r**2 - 38*r + 32. What is o(18)?
-4
Let f(n) = -127*n**2 + 6*n + 7. What is f(-1)?
-126
Let w(x) = -3*x**2 - 2*x + 144. What is w(-8)?
-32
Let v(z) = z**3 - 49*z**2 - 806*z - 41. Give v(62).
-41
Let i(h) = -h**2 - 34*h + 1062. Calculate i(19).
55
Let k(h) = 2*h - 8. What is k(7)?
6
Let o(l) = l**3 + 14*l**2 + 2*l + 32. What is o(-14)?
4
Let o(n) = n**3 - 18*n**2 + 48*n - 37. Calculate o(15).
8
Let j(b) = b**2 - 24*b + 84. Calculate j(15).
-51
Let l(r) = r**2 + 46*r + 15. Determine l(-41).
-190
Let t(c) = -11*c**2 - 326*c - 208. What is t(-29)?
-5
Let u(q) = -q**2 - 26*q + 181. Determine u(5).
26
Let f(m) = -m**3 - 48*m**2 - 5*m - 97. Calculate f(-48).
143
Let m(b) = -64*b - 2351. Calculate m(-37).
17
Let a(c) = 3*c**2 + 14*c - 18. What is a(1)?
-1
Let b(p) = p**3 - 21*p**2 - 16*p - 111. What is b(22)?
21
Let u(y) = 3*y**3 - y**2 - 16*y - 23. Determine u(-2).
-19
Let w(b) = 4*b**3 + 31*b**2 - 15*b - 9. What is w(-6)?
333
Let n(j) = j**2 + 63*j + 451. Determine n(-49).
-235
Let r(x) = -x**2 - 199*x - 9816. What is r(-90)?
-6
Let q(b) = -4*b**2 + 467*b + 24297. What is q(-39)?
0
Let c(n) = -n**2 + 5*n - 72. What is c(0)?
-72
Let o(d) = -d**2 + 75*d + 573. Give o(82).
-1
Let n(t) = -21*t - 150. Determine n(15).
-465
Let a(g) = 22176*g + 88710. Calculate a(-4).
6
Let z(m) = 2*m**3 - 27*m**2 - 116*m - 43. What is z(-3)?
8
Let c(f) = -f**2 + 54*f - 510. Determine c(41).
23
Let v(w) = 40*w**2 - 798*w - 35. Determine v(20).
5
Let m(d) = -10*d**2 + 12*d + 27. Determine m(-2).
-37
Let u(i) = i**3 + 54*i**2 + 48*i - 217. Give u(-53).
48
Let n(i) = 2*i**2 + 55*i + 29. Determine n(-26).
-49
Let x(n) = -4*n**3 + 50*n**2 + 152*n + 14. Determine x(-3).
116
Let r(d) = -149*d**3 + 18*d**2 - 18*d. Calculate r(1).
-149
Let x(l) = -452*l + 2352. Determine x(5).
92
Let b(v) = -v**2 + 18*v + 106. Calculate b(20).
66
Let h(p) = -5*p**2 - 9*p - 41. What is h(-4)?
-85
Let j(u) = -2*u**2 + 76*u - 451. Calculate j(7).
-17
Let q(p) = -p**3 - 101*p**2 - 99*p - 22. Determine q(-100).
-122
Let x(h) = -1105*h - 18836. Give x(-17).
-51
Let r(w) = 2*w**3 + 4*w**2 - 18*w + 36. What is r(3)?
72
Let h(k) = -k**3 - 40*k**2 + 38*k - 6. Give h(-41).
117
Let f(k) = -k**2 + 26*k + 359. Calculate f(-10).
-1
Let x(q) = -q**3 - 14*q**2 + 14*q + 178. Determine x(-14).
-18
Let x(d) = 155*d + 79. What is x(-1)?
-76
Let t(q) = -768*q + 35325. What is t(46)?
-3
Let r(q) = -q**3 + 42*q**2 - 140*q - 148. Determine r(38).
308
Let u(f) = f**2 - 49*f - 1658. What is u(-25)?
192
Let h(f) = 10*f**2 + 25*f - 96. Determine h(4).
164
Let c(o) = -29*o**2 - 230*o + 13. Calculate c(-8).
-3
Let m(l) = 61*l**2 + 359*l - 19. Determine m(-6).
23
Let i(n) = n**2 + 90*n - 629. Calculate i(7).
50
Let i(b) = 2*b**2 - 38*b - 105. Determine i(-3).
27
Let v(d) = -d**2 + 76*d - 282. Give v(72).
6
Let h(o) = -o**3 - 2*o**2 + 58*o + 90. What is h(-5)?
-125
Let a(l) = -l**3 - 2*l**2 + 14*l + 37. Determine a(0).
37
Let x(q) = q**2 + 5*q - 1. Calculate x(-5).
-1
Let j(a) = a**3 + 7*a**2 + 22*a + 37. What is j(-4)?
-3
Let x(c) = 2*c**3 + 22*c**2 + 30*c + 103. Determine x(-8).
247
Let i(g) = -41*g**2 + 370*g + 25. Calculate i(9).
34
Let p(w) = w**3 - 24*w**2 - 12*w + 663. Give p(25).
988
Let t(i) = 68*i + 1696. Give t(-21).
268
Let p(s) = -s**2 + 2112*s - 54240. What is p(26)?
-4
Let i(p) = -p**3 + 7*p**2 + 16*p + 14. Determine i(8).
78
Let i(s) = 18*s**2 + 92*s + 10. What is i(-5)?
0
Let a(p) = -p**3 + 27*p**2 + 29*p - 30. Give a(28).
-2
Let u(n) = -363*n - 118. What is u(1)?
-481
Let b(l) = 6*l**2 - 5. Determine b(2).
19
Let k(i) = i**2 - 37*i - 209. What is k(-5)?
1
Let u(t) = 838*t - 20096. What is u(24)?
16
Let n(d) = 48*d**2 - 388*d + 19. Calculate n(8).
-13
Let a(o) = 2*o**3 - 58*o**2 + 58*o - 61. Calculate a(28).
-5
Let m(i) = -i**3 + 7*i**2 - 34*i + 96. Calculate m(8).
-240
Let i(r) = 64*r - 22. Determine i(-9).
-598
Let f(g) = 25*g**2 - 80*g + 150. Calculate f(2).
90
Let m(o) = 4*o**3 + 123*o**2 + 199*o - 121. Determine m(-29).
-5
Let y(b) = b**3 - 14*b**2 - 76*b + 423. What is y(17)?
-2
Let z(k) = 191*k - 1120. What is z(6)?
26
Let w(g) = g**2 + 12*g - 63. Give w(-13).
-50
Let w(r) = r**2 + 155*r + 2086. What is w(-15)?
-14
Let a(b) = -112*b + 447. Calculate a(4).
-1
Let q(k) = 4*k**2 + 2*k - 56. Determine q(-4).
0
Let p(j) = -j**2 - 102*j + 7614. Give p(49).
215
Let f(w) = -2*w**2 - 84*w - 780. Calculate f(-28).
4
Let b(o) = 126*o - 5305. Give b(42).
-13
Let i(c) = 132*c**2 + 431*c - 391. What is i(-4)?
-3
Let i(a) = -73*a - 715. Give i(-13).
234
Let c(k) = -3*k**2 - 94*k - 634. Determine c(-10).
6
Let g(d) = 231*d**2 + 2*d + 2. Determine g(-1).
231
Let m(u) = -3*u**2 - 136*u + 255. Give m(-47).
20
Let x(i) = -74*i. What is x(-4)?
296
Let w(j) = -j**3 - 70*j**2 + 53*j - 1429. Calculate w(-71).
-151
Let m(i) = 8*i**2 + 262*i - 21. Give m(-33).
45
Let z(t) = -167*t + 1226. Calculate z(12).
-778
Let n(t) = 2*t**2 + 100*t - 2988. What is n(-71)?
-6
Let t(y) = -726*y + 5809. Determine t(8).
1
Let k(o) = -22*o**2 + 517*o - 80. Give k(24).
-344
Let h(k) = k**3 - 30*k**2 + 140*k + 91. Calcula